 p(14).
-5
Let t(z) = 4*z - 2. Let b(r) = r**3 - 19*r**2 - 40*r - 39. Let l be b(21). What is t(l)?
10
Let u(y) be the second derivative of y**3/3 + 9*y**2/2 - y. Suppose -56*d + 11*d = 2202 - 1842. Give u(d).
-7
Let o(q) = -24*q + 17. Let t(m) = -98*m + 70. Let u(d) = -25*o(d) + 6*t(d). Give u(-2).
-29
Let p(r) = -r - 13. Let m(s) = -s**2 + 50*s - 106. Let x be m(34). Let t = 431 - x. Calculate p(t).
-6
Let x(q) = q**3 + 2*q - 7. Let r(i) = -35*i**3 + 71*i**2 - 6*i + 8. Let o be r(2). What is x(o)?
-7
Let v(s) = -s**2 + 2*s + 3. Let a = 47 + -66. Let d = 59 - a. Suppose -3*h + d - 84 = 0. What is v(h)?
-5
Suppose -5*u + 2*g = -127 - 90, 42 = u + g. Suppose -2*q - 59 + u = 0. Let r(j) = j**3 + 9*j**2 + 11*j + 11. What is r(q)?
-13
Let r(p) = -2*p + 5. Suppose 0 = 4*i - 72 + 56. Suppose 3*t - 32 = -4*s, s - 12 = -5*t - i. Calculate r(s).
-11
Let k(b) = -57*b + 71. Let n(j) = 62*j - 67. Let u(r) = -6*k(r) - 5*n(r). Give u(3).
5
Let d(g) = -5*g**3 + 2*g + 1. Let a be (6/(-4))/((-24)/(-928)). Let l = -56 - a. Let f be (-6)/10 + ((-20)/25)/l. Calculate d(f).
4
Let v(p) be the third derivative of -p**4/24 + 7*p**3/3 + 37*p**2 - 5*p - 1. Let c = -1 + 1. Give v(c).
14
Let n(d) = -d**3 - 3*d**2 - 5*d - 28. Suppose -2*u + a = 14, 217*u + 2*a - 32 = 222*u. Give n(u).
8
Suppose -3*w + 6*j = -24, -24*j = w - 29*j - 29. Let g(f) be the second derivative of -f**4/12 - 5*f**3/6 - 2*f. What is g(w)?
-6
Let o(h) = -3*h + 67. Suppose 15714*a - 15715*a = -4*r - 24, 2*a - 27 = r. Calculate o(a).
31
Suppose -16 = -2*o + b, -14*b = -3*o - 18*b + 2. Let y(i) = i**3 - 4*i**2 - 5*i + 15. Determine y(o).
57
Let l be 8/12 + 3 + (-334)/6. Let f = l + -35. Let k = f + 89. Let y(v) = -4*v**3 + 3*v**2 + v - 2. Determine y(k).
-20
Let z(p) be the third derivative of 1/60*p**5 - 1/3*p**3 + 130*p**2 + 1/8*p**4 - 1/120*p**6 + 0*p + 0. Give z(2).
0
Let f(y) be the first derivative of 1/2*y**2 - 43 + y. Suppose 0 = 5*k + 4 - 24. What is f(k)?
5
Suppose -69*a - 4*k = -65*a - 44, 4*a - 3*k - 16 = 0. Let n(p) = p**3 - 9*p**2 + 4*p + 16. Calculate n(a).
-54
Let i(g) = 35 + 29 - 99 + 8*g. What is i(5)?
5
Let t(k) be the second derivative of k**5/20 + 2*k**4/3 + 5*k**3/6 + 811*k - 2. Let s be (-96)/(-56) + (-4)/(-14) + -8. Calculate t(s).
42
Let h(c) = -10 + 0 + 21*c**2 + 11. Suppose -5*s - 22 = 3*i, 3*i - i - 4*s = 22. Calculate h(i).
22
Let r be -8 - (-5 - (7 + 623)). Let q = r - 620. Let s(m) = -m**3 + 8*m**2 - 6*m - 3. Determine s(q).
4
Let i(v) be the second derivative of -v**4/12 - 5*v**3/3 - 7*v**2/2 - 69*v. Suppose -13*g + 8*g - 35 = 0. Determine i(g).
14
Let l(x) be the first derivative of 2*x**3/3 - 27*x**2/2 + 27*x - 9419. What is l(12)?
-9
Let o(k) = k**3 - 9*k**2 + 2*k - 7. Let s = 261 - 216. Suppose -326*c - s = -331*c. Give o(c).
11
Let u(w) = w**2 + 4*w - 4. Suppose -70*q + 78*q - 144 = 0. Suppose -q*b = -15*b + 18. What is u(b)?
8
Suppose -17562 + 35102 = -6*t + 17564. Let v(k) be the first derivative of -k**2 + 9*k - 2. Determine v(t).
1
Let b = -5099 + 5105. Let c(g) be the second derivative of -g**2 - 2/3*g**3 + 1/12*g**4 + 0 - g. Give c(b).
10
Let i(o) = 9*o + 9*o**2 + 0*o**2 - 30 + o**3 + 22. Let l(b) = 2*b**3 + 19*b**2 + 19*b - 17. Let k(a) = 5*i(a) - 2*l(a). Give k(-6).
-12
Let v(q) = -4080 - 4030 + 8056 - 35*q. Give v(-3).
51
Let m(u) be the third derivative of 7*u**5/60 + 57*u**4/4 - 9*u**3 + 19*u**2 + 31. Give m(-49).
-5
Suppose 26*x - 207 = 131. Suppose c - 8*j + 12*j = 10, -3*c + 5*j + x = 0. Let s(p) = 3 + p**2 + 0*p - 5*p + 5. Give s(c).
14
Let d be 0/(-2)*(-5 - 256/(-48)). Let t(z) be the second derivative of 1/2*z**2 + d - 20*z - 17/6*z**3. What is t(-1)?
18
Let m(y) = 2*y**2 + 2. Let z(j) = -7*j**2 + 10*j - 2. Let u(l) = 5*m(l) + z(l). Determine u(-6).
56
Let s = -2481 - -2482. Let d(v) = 30*v - 2. Calculate d(s).
28
Suppose 14*x - 18*x + 12 = 0. Let p(y) = -17*y - 18*y + 60*y - 10*y - 14*y - y**2 + 2. Give p(x).
-4
Suppose -2*j + 10 = 0, -2*j - j = a - 12. Let y be ((-10 - a)/1)/(-1). Let d(o) be the third derivative of -o**5/60 + 7*o**4/24 + 5*o**3/6 - o**2. What is d(y)?
5
Let s(x) = x**2 - 3*x + 5. Let y(n) be the third derivative of n**5/60 - n**4/6 + n**3 + 29*n**2 - 2. Let z(v) = -3*s(v) + 2*y(v). What is z(3)?
-9
Let s = 16312 + -32621/2. Let f(p) be the first derivative of 29 - 1/3*p**3 - 2*p + s*p**2. What is f(2)?
0
Let m(s) be the third derivative of s**5/60 - s**4/24 + s**3/6 + s**2. Let i = -131 + 131. Suppose i = -4*r, -4*r + 2 = k - 3*r. Give m(k).
3
Let b(g) = 38*g**2 + 25*g - 21. Let p(y) = -51*y**2 - 31*y + 22. Let u(z) = -4*b(z) - 3*p(z). Determine u(6).
12
Let v(g) = 2*g + 18. Let q be (1 + (-2)/(-4))*((-1104)/144 + 3). Give v(q).
4
Let k(x) = -x + 6. Let m be -21 - -10 - -10 - 81/(-1). Suppose -82*u + 66*u = -m. Give k(u).
1
Let f(s) = 3*s + 48. Let o(m) = -m**3 + 6*m**2 - 14*m + 66. Let z be o(6). Calculate f(z).
-6
Let r(x) = -x**2 - 3*x. Let k(a) = 2*a**2 + 7*a + 5. Let w be k(-6). Let s = -23 + w. Let l be 1/((-4)/s - 0). What is r(l)?
0
Let j(q) = -16*q**2 + 5*q - 2. Let k(d) = -475 + 19*d**2 + 11*d - 17*d + 478. Let v(c) = 6*j(c) + 5*k(c). Determine v(-6).
-33
Let z(a) = 8*a - 1. Let i be z(1). Let w(d) = -2*d + 39. Let p be w(-3). Let k(l) = p + l - 91 + 47. Give k(i).
8
Let f(q) be the third derivative of q**5/6 - q**4/8 + q**3/2 - 3682*q**2. Calculate f(2).
37
Let s be 20/44 + (-23256)/(-1496). Let u(l) = -l + 19 + 9 + l**3 - 16*l**2 - 9. Give u(s).
3
Let z(g) = 4*g**2 + g**3 - 6 + g + 0*g**2 - 7*g. Suppose 0 = 4*v, 73*v - 20 = 5*u + 69*v. Determine z(u).
18
Let q = -22 - -25. Let x(m) = m - q*m + m + 4 + 2. Suppose 0 = -14*p + 15*p - 3. What is x(p)?
3
Let x(p) = 7*p**2 - p - 1. Suppose 4*b + 0*b + 12 = -2*w, 2*w - 4*b = 12. Suppose w = 4*q - 2*q - 8. Suppose -q*o + 0 - 4 = 0. Give x(o).
7
Suppose -59*p + 107*p + 528 = 0. Let n(y) = -y + 2. What is n(p)?
13
Suppose -2*p - 13 - 11 = 0. Let f be ((-52)/p - 6)*3. Let i(q) be the first derivative of q**3/3 + 3*q**2/2 - 2. Determine i(f).
10
Let r(h) = -h**3 - 8*h**2 + 10*h + 4. Let z be r(-9). Let y(g) = -460*g**3 + 0 + 5*g**2 + 461*g**3 - 5. What is y(z)?
-5
Let h(y) = -19*y - 438. Let a be h(-23). Let t(q) = 9*q**3 - 2*q**2 - q. Calculate t(a).
-10
Let w be ((-64)/6 + 8)*(-45)/(-20). Let l(r) = -4*r**3 - 21*r**2 + 17*r - 4. Determine l(w).
2
Let w(l) = 3*l + 9. Let p(b) = -13 + 3 - 2 - 9*b - 16 - b. Let u(z) = 2*p(z) + 7*w(z). Determine u(-6).
1
Let c(d) = 7*d**2 + 19*d + 18. Let o(q) = q**3 - 4*q**2 + 5. Let f be o(4). Let m(s) = 10*s**2 + 28*s + 27. Let p(k) = f*m(k) - 7*c(k). What is p(-4)?
-3
Let p(t) = t**2 - 3*t + 2. Suppose 5*l + 0 = 42*l + 74. What is p(l)?
12
Let c(i) be the first derivative of -i**2 + 5*i**2 - 18*i + 39*i - 3*i**2 + 208 - 15*i. Give c(-5).
-4
Suppose -6 = 2*j - 2*t, 0 = -j - 3*t + 37 - 8. Let x(a) be the second derivative of -1/6*a**3 + 0 + 0*a**2 - 1/20*a**j + 1/6*a**4 + 37*a. Give x(3).
-12
Let p(w) be the first derivative of 49*w**3/3 - 3*w**2/2 - 1636. What is p(1)?
46
Let j(z) = -z**2 + 3*z + 65. Let b be j(-7). Let d(c) = -4*c - 16. What is d(b)?
4
Let m(u) be the first derivative of -u**4/2 + 31*u**3/3 - 15*u**2/2 + 2*u + 1094. Calculate m(15).
2
Let u be (-2)/(1/1) - -2. Suppose -120 = 30*z - 36*z. Let t(b) = -z*b - b - 1 + 22*b. What is t(u)?
-1
Let r(d) be the second derivative of d**5/20 - 5*d**4/3 + 19*d**3/3 - 21*d**2 + 13*d + 140. Calculate r(18).
-6
Let k(q) be the second derivative of -q**4/3 + 2*q**3/3 + 2*q**2 - 31*q - 5. Determine k(2).
-4
Let y(o) = 2*o**2 + 22*o + 20. Let z(r) = 2*r**3 + 58*r**2 - 57*r + 81. Let n be z(-30). Determine y(n).
-16
Let b(i) be the first derivative of -67 - 5/2*i**2 - 5/3*i**3 - 1/4*i**4 - 7*i. What is b(-5)?
18
Let j(a) = 2*a**2 - 4*a - 4. Let v(c) = 0*c**2 - 4*c - c**2 - 33 + 28 + 3*c**2. Let k(n) = -4*j(n) + 3*v(n). Determine k(3).
-5
Let b(f) = -f**2 - 9*f. Let w be b(-1). Let i(o) = 8 - 10 + 7*o**2 + w*o + 11 + o**3. Calculate i(-6).
-3
Let w(g) = -g**2 + g + 2. Let i be (23/(-69))/(1/9). Let q be (-14)/i*(495/63 + -7). Give w(q).
-10
Let z(f) be the third derivative of -2*f**2 + 0 - 2/3*f**4 + 1/6*f**3 + 7*f. Let b(m) = m - 4. Let l be b(5). Determine z(l).
-15
Let b(w) = w**3 - 7*w**2 - 20*w - 16. Let h be 3/((-204)/36 - -6). Determine b(h).
-34
Let j(z) = 5*z**3 + 10*z**2 + 3*z + 4. Le